{"id":53,"date":"2020-01-26T23:51:49","date_gmt":"2020-01-26T23:51:49","guid":{"rendered":"https:\/\/www.rhythm-n-school.de\/?page_id=53"},"modified":"2020-01-30T21:44:31","modified_gmt":"2020-01-30T21:44:31","slug":"kontakt","status":"publish","type":"page","link":"https:\/\/rhythm-n-school.de\/?page_id=53","title":{"rendered":"Kontakt"},"content":{"rendered":"<div class=\"wpforms-container wpforms-container-full\" id=\"wpforms-40\"><form id=\"wpforms-form-40\" class=\"wpforms-validate wpforms-form\" data-formid=\"40\" method=\"post\" enctype=\"multipart\/form-data\" action=\"\/index.php?rest_route=%2Fwp%2Fv2%2Fpages%2F53\" data-token=\"dad3a29d1db92a016be58f4feadf5bf7\" data-token-time=\"1778501471\"><div class=\"wpforms-head-container\"><div class=\"wpforms-title\">Kontaktformular<\/div><div class=\"wpforms-description\">Hier k\u00f6nnt Ihr mir schreiben und Infos erhalten. <\/br>\r\n <span style=\"font-size:11px\"> Die Sternchen <span style=\"color:red;\">* <\/span>gekennzeichneten Felder m\u00fcssen ausgef\u00fcllt oder ausgew\u00e4hlt sein, danke.<\/span><\/div><\/div><noscript class=\"wpforms-error-noscript\">Bitte aktiviere JavaScript in deinem Browser, um dieses Formular fertigzustellen.<\/noscript><div class=\"wpforms-field-container\"><div id=\"wpforms-40-field_0-container\" class=\"wpforms-field wpforms-field-name\" data-field-id=\"0\"><label class=\"wpforms-field-label\">Name <span class=\"wpforms-required-label\">*<\/span><\/label><div class=\"wpforms-field-row wpforms-field-medium\"><div class=\"wpforms-field-row-block wpforms-first wpforms-one-half\"><input type=\"text\" id=\"wpforms-40-field_0\" class=\"wpforms-field-name-first wpforms-field-required\" name=\"wpforms[fields][0][first]\" required><label for=\"wpforms-40-field_0\" class=\"wpforms-field-sublabel after\">Vorname<\/label><\/div><div class=\"wpforms-field-row-block wpforms-one-half\"><input type=\"text\" id=\"wpforms-40-field_0-last\" class=\"wpforms-field-name-last wpforms-field-required\" name=\"wpforms[fields][0][last]\" required><label for=\"wpforms-40-field_0-last\" class=\"wpforms-field-sublabel after\">Nachname<\/label><\/div><\/div><\/div><div id=\"wpforms-40-field_5-container\" class=\"wpforms-field wpforms-field-text\" data-field-id=\"5\"><label class=\"wpforms-field-label\" for=\"wpforms-40-field_5\">Postadresse<\/label><input type=\"text\" id=\"wpforms-40-field_5\" class=\"wpforms-field-medium wpforms-limit-characters-enabled\" data-form-id=\"40\" data-field-id=\"5\" data-text-limit=\"50\" name=\"wpforms[fields][5]\" maxlength=\"50\" ><div class=\"wpforms-field-description\">Adresse<\/div><\/div><div id=\"wpforms-40-field_3-container\" class=\"wpforms-field wpforms-field-radio wpforms-list-inline\" data-field-id=\"3\"><label class=\"wpforms-field-label\">Instrument <span class=\"wpforms-required-label\">*<\/span><\/label><ul id=\"wpforms-40-field_3\" class=\"wpforms-randomize wpforms-field-required wpforms-image-choices wpforms-image-choices-classic\"><li class=\"choice-1 depth-1 wpforms-image-choices-item\"><label class=\"wpforms-field-label-inline\" for=\"wpforms-40-field_3_1\" tabindex=\"0\"><span class=\"wpforms-image-choices-image\"><img decoding=\"async\" src=\"https:\/\/rhythm-n-school.de\/wp-content\/uploads\/2020\/01\/drum.gif\" alt=\"Schlagzeug\" title=\"Schlagzeug\"><\/span><input type=\"radio\" id=\"wpforms-40-field_3_1\" class=\"wpforms-screen-reader-element\" name=\"wpforms[fields][3]\" value=\"Schlagzeug\" tabindex=\"-1\" required ><span class=\"wpforms-image-choices-label\">Schlagzeug<\/span><\/label><\/li><li class=\"choice-2 depth-1 wpforms-image-choices-item\"><label class=\"wpforms-field-label-inline\" for=\"wpforms-40-field_3_2\" tabindex=\"0\"><span class=\"wpforms-image-choices-image\"><img decoding=\"async\" src=\"https:\/\/rhythm-n-school.de\/wp-content\/uploads\/2020\/01\/Percussion-Trommel-e1580386660496.jpg\" alt=\"Percussion (Trommel)\" title=\"Percussion (Trommel)\"><\/span><input type=\"radio\" id=\"wpforms-40-field_3_2\" class=\"wpforms-screen-reader-element\" name=\"wpforms[fields][3]\" value=\"Percussion (Trommel)\" tabindex=\"-1\" required ><span class=\"wpforms-image-choices-label\">Percussion (Trommel)<\/span><\/label><\/li><li class=\"choice-4 depth-1 wpforms-image-choices-item\"><label class=\"wpforms-field-label-inline\" for=\"wpforms-40-field_3_4\" tabindex=\"0\"><span class=\"wpforms-image-choices-image\"><img decoding=\"async\" src=\"https:\/\/rhythm-n-school.de\/wp-content\/uploads\/2020\/01\/Tasten-Pinao-Klavier.jpg\" alt=\"Tasten\" title=\"Tasten\"><\/span><input type=\"radio\" id=\"wpforms-40-field_3_4\" class=\"wpforms-screen-reader-element\" name=\"wpforms[fields][3]\" value=\"Tasten\" tabindex=\"-1\" required ><span class=\"wpforms-image-choices-label\">Tasten<\/span><\/label><\/li><\/ul><\/div><div id=\"wpforms-40-field_7-container\" class=\"wpforms-field wpforms-field-radio wpforms-list-inline\" data-field-id=\"7\"><label class=\"wpforms-field-label\">Selbsteinsch\u00e4tzung<\/label><ul id=\"wpforms-40-field_7\"><li class=\"choice-1 depth-1\"><input type=\"radio\" id=\"wpforms-40-field_7_1\" name=\"wpforms[fields][7]\" value=\"Normal\"  ><label class=\"wpforms-field-label-inline\" for=\"wpforms-40-field_7_1\">Normal<\/label><\/li><li class=\"choice-2 depth-1\"><input type=\"radio\" id=\"wpforms-40-field_7_2\" name=\"wpforms[fields][7]\" value=\"Anf\u00e4nger\"  ><label class=\"wpforms-field-label-inline\" for=\"wpforms-40-field_7_2\">Anf\u00e4nger<\/label><\/li><li class=\"choice-3 depth-1\"><input type=\"radio\" id=\"wpforms-40-field_7_3\" name=\"wpforms[fields][7]\" value=\"mittelfeld\"  ><label class=\"wpforms-field-label-inline\" for=\"wpforms-40-field_7_3\">mittelfeld<\/label><\/li><li class=\"choice-4 depth-1\"><input type=\"radio\" id=\"wpforms-40-field_7_4\" name=\"wpforms[fields][7]\" value=\"H\u00f6here Schule\"  ><label class=\"wpforms-field-label-inline\" for=\"wpforms-40-field_7_4\">H\u00f6here Schule<\/label><\/li><\/ul><\/div><div id=\"wpforms-40-field_8-container\" class=\"wpforms-field wpforms-field-radio wpforms-list-inline\" data-field-id=\"8\"><label class=\"wpforms-field-label\">Wissensbedarf<\/label><ul id=\"wpforms-40-field_8\"><li class=\"choice-1 depth-1\"><input type=\"radio\" id=\"wpforms-40-field_8_1\" name=\"wpforms[fields][8]\" value=\"Verschiedene Rhythmen\"  ><label class=\"wpforms-field-label-inline\" for=\"wpforms-40-field_8_1\">Verschiedene Rhythmen<\/label><\/li><li class=\"choice-2 depth-1\"><input type=\"radio\" id=\"wpforms-40-field_8_2\" name=\"wpforms[fields][8]\" value=\"Wirbel\"  ><label class=\"wpforms-field-label-inline\" for=\"wpforms-40-field_8_2\">Wirbel<\/label><\/li><li class=\"choice-3 depth-1\"><input type=\"radio\" id=\"wpforms-40-field_8_3\" name=\"wpforms[fields][8]\" value=\"Fill in\"  ><label class=\"wpforms-field-label-inline\" for=\"wpforms-40-field_8_3\">Fill in<\/label><\/li><li class=\"choice-4 depth-1\"><input type=\"radio\" id=\"wpforms-40-field_8_4\" name=\"wpforms[fields][8]\" value=\"Grundschule f\u00fcr alle Instrumente\"  ><label class=\"wpforms-field-label-inline\" for=\"wpforms-40-field_8_4\">Grundschule f\u00fcr alle Instrumente<\/label><\/li><li class=\"choice-5 depth-1\"><input type=\"radio\" id=\"wpforms-40-field_8_5\" name=\"wpforms[fields][8]\" value=\"Schnelle L\u00e4ufe in langsamen Grooves\"  ><label class=\"wpforms-field-label-inline\" for=\"wpforms-40-field_8_5\">Schnelle L\u00e4ufe in langsamen Grooves<\/label><\/li><li class=\"choice-6 depth-1\"><input type=\"radio\" id=\"wpforms-40-field_8_6\" name=\"wpforms[fields][8]\" value=\"Verzierungen und Phrasen\"  ><label class=\"wpforms-field-label-inline\" for=\"wpforms-40-field_8_6\">Verzierungen und Phrasen<\/label><\/li><li class=\"choice-7 depth-1\"><input type=\"radio\" id=\"wpforms-40-field_8_7\" name=\"wpforms[fields][8]\" value=\"Ich wei\u00df nicht, was mir mir fehlt. Genau das will ich wissen.\"  ><label class=\"wpforms-field-label-inline\" for=\"wpforms-40-field_8_7\">Ich wei\u00df nicht, was mir mir fehlt. Genau das will ich wissen.<\/label><\/li><\/ul><\/div><div id=\"wpforms-40-field_1-container\" class=\"wpforms-field wpforms-field-email\" data-field-id=\"1\"><label class=\"wpforms-field-label\" for=\"wpforms-40-field_1\">E-Mail <span class=\"wpforms-required-label\">*<\/span><\/label><input type=\"email\" id=\"wpforms-40-field_1\" class=\"wpforms-field-medium wpforms-field-required\" name=\"wpforms[fields][1]\" spellcheck=\"false\" required><\/div><div id=\"wpforms-40-field_2-container\" class=\"wpforms-field wpforms-field-textarea\" data-field-id=\"2\"><label class=\"wpforms-field-label\" for=\"wpforms-40-field_2\">Kommentar oder Nachricht <span class=\"wpforms-required-label\">*<\/span><\/label><textarea id=\"wpforms-40-field_2\" class=\"wpforms-field-medium wpforms-field-required\" name=\"wpforms[fields][2]\" required><\/textarea><\/div><\/div><!-- .wpforms-field-container --><div class=\"wpforms-field wpforms-field-hp\"><label for=\"wpforms-40-field-hp\" class=\"wpforms-field-label\">Comment<\/label><input type=\"text\" name=\"wpforms[hp]\" id=\"wpforms-40-field-hp\" class=\"wpforms-field-medium\"><\/div><div class=\"wpforms-recaptcha-container wpforms-is-recaptcha wpforms-is-recaptcha-type-v2\" ><div class=\"g-recaptcha\" data-sitekey=\"6LdR9tIUAAAAACQuxPLf3G1uFFIIjiQ-vG8-Fu5v\"><\/div><input type=\"text\" name=\"g-recaptcha-hidden\" class=\"wpforms-recaptcha-hidden\" style=\"position:absolute!important;clip:rect(0,0,0,0)!important;height:1px!important;width:1px!important;border:0!important;overflow:hidden!important;padding:0!important;margin:0!important;\" data-rule-recaptcha=\"1\"><\/div><div class=\"wpforms-submit-container\" ><input type=\"hidden\" name=\"wpforms[id]\" value=\"40\"><input type=\"hidden\" name=\"page_title\" value=\"\"><input type=\"hidden\" name=\"page_url\" value=\"https:\/\/rhythm-n-school.de\/index.php?rest_route=\/wp\/v2\/pages\/53\"><input type=\"hidden\" name=\"url_referer\" value=\"\"><button type=\"submit\" name=\"wpforms[submit]\" id=\"wpforms-submit-40\" class=\"wpforms-submit\" data-alt-text=\"Senden...\" data-submit-text=\"Absenden\" aria-live=\"assertive\" value=\"wpforms-submit\">Absenden<\/button><\/div><\/form><\/div>  <!-- .wpforms-container -->\n","protected":false},"excerpt":{"rendered":"","protected":false},"author":2,"featured_media":0,"parent":72,"menu_order":2,"comment_status":"closed","ping_status":"closed","template":"","meta":{"footnotes":""},"class_list":["post-53","page","type-page","status-publish","hentry"],"_links":{"self":[{"href":"https:\/\/rhythm-n-school.de\/index.php?rest_route=\/wp\/v2\/pages\/53","targetHints":{"allow":["GET"]}}],"collection":[{"href":"https:\/\/rhythm-n-school.de\/index.php?rest_route=\/wp\/v2\/pages"}],"about":[{"href":"https:\/\/rhythm-n-school.de\/index.php?rest_route=\/wp\/v2\/types\/page"}],"author":[{"embeddable":true,"href":"https:\/\/rhythm-n-school.de\/index.php?rest_route=\/wp\/v2\/users\/2"}],"replies":[{"embeddable":true,"href":"https:\/\/rhythm-n-school.de\/index.php?rest_route=%2Fwp%2Fv2%2Fcomments&post=53"}],"version-history":[{"count":0,"href":"https:\/\/rhythm-n-school.de\/index.php?rest_route=\/wp\/v2\/pages\/53\/revisions"}],"up":[{"embeddable":true,"href":"https:\/\/rhythm-n-school.de\/index.php?rest_route=\/wp\/v2\/pages\/72"}],"wp:attachment":[{"href":"https:\/\/rhythm-n-school.de\/index.php?rest_route=%2Fwp%2Fv2%2Fmedia&parent=53"}],"curies":[{"name":"wp","href":"https:\/\/api.w.org\/{rel}","templated":true}]}}